{"id":56,"date":"2018-05-06T20:53:35","date_gmt":"2018-05-06T20:53:35","guid":{"rendered":"https:\/\/licence-infocom.parisnanterre.fr\/?page_id=56"},"modified":"2025-12-26T13:11:41","modified_gmt":"2025-12-26T13:11:41","slug":"equipe","status":"publish","type":"page","link":"https:\/\/licence-infocom.parisnanterre.fr\/index.php\/equipe\/","title":{"rendered":"Equipe"},"content":{"rendered":"\n<p>Les enseignements de la licence information-communication sont principalement assur\u00e9s par des enseignant-chercheurs du d\u00e9partement des sciences de l&rsquo;information et de la communication de l&rsquo;Universit\u00e9 Paris Nanterre, \u00e9paul\u00e9s par des professionnels d\u00e9sirant partager leurs connaissance du secteur.<\/p>\n\n\n\n<div class=\"is-layout-flex wp-container-3 wp-block-columns\">\n<div class=\"is-layout-flow wp-block-column\" style=\"flex-basis:33.33%\">\n<p><strong>Enseignants-chercheurs :<\/strong><\/p>\n\n\n\n<ul>\n<li>Camille CLAVERIE\u00a0<\/li>\n\n\n\n<li>Dario COMPAGNO<\/li>\n\n\n\n<li>Jeanne FERRARI-GIOVANANGELI<\/li>\n\n\n\n<li>Victoria LAURENT<\/li>\n\n\n\n<li>C\u00e9line MORIN&nbsp;<\/li>\n\n\n\n<li>Eleni MOURATIDOU<\/li>\n\n\n\n<li>C\u00e9cile PAYEUR<\/li>\n\n\n\n<li>Antonin SEGAULT<\/li>\n\n\n\n<li>Marta SEVERO<\/li>\n<\/ul>\n<\/div>\n\n\n\n<div class=\"is-layout-flow wp-block-column\" style=\"flex-basis:66.66%\">\n<p><strong>Professionnels du secteur :<\/strong><\/p>\n\n\n\n<ul>\n<li>Maxime BERSWEILER, designer web freelance<\/li>\n\n\n\n<li>Soukvilay CORDIER BOUNNHOSENG, graphiste freelance<\/li>\n\n\n\n<li>Antoine COURTIN, charg\u00e9 de projets num\u00e9rique au Mus\u00e9e d&rsquo;Orsay<\/li>\n\n\n\n<li>Tugdual DE MOREL, journaliste freelance<\/li>\n\n\n\n<li>Agathe DELEPAUT, charg\u00e9\u00b7e audiovisuel<\/li>\n\n\n\n<li>Elie PETIT, journaliste freelance<\/li>\n\n\n\n<li>Denis TEYSSOU, responsable recherche, Agence France Presse<\/li>\n\n\n\n<li>Quentin VANBUTSELE, ing\u00e9nieur informatique<\/li>\n<\/ul>\n<\/div>\n<\/div>\n","protected":false},"excerpt":{"rendered":"<p>Les enseignements de la licence information-communication sont principalement assur\u00e9s par des enseignant-chercheurs du d\u00e9partement des sciences de l&rsquo;information et de la communication de l&rsquo;Universit\u00e9 Paris Nanterre, \u00e9paul\u00e9s par des professionnels d\u00e9sirant partager leurs connaissance du secteur. Enseignants-chercheurs : Professionnels du secteur :<\/p>\n","protected":false},"author":1,"featured_media":0,"parent":0,"menu_order":0,"comment_status":"closed","ping_status":"closed","template":"","meta":[],"_links":{"self":[{"href":"https:\/\/licence-infocom.parisnanterre.fr\/index.php\/wp-json\/wp\/v2\/pages\/56"}],"collection":[{"href":"https:\/\/licence-infocom.parisnanterre.fr\/index.php\/wp-json\/wp\/v2\/pages"}],"about":[{"href":"https:\/\/licence-infocom.parisnanterre.fr\/index.php\/wp-json\/wp\/v2\/types\/page"}],"author":[{"embeddable":true,"href":"https:\/\/licence-infocom.parisnanterre.fr\/index.php\/wp-json\/wp\/v2\/users\/1"}],"replies":[{"embeddable":true,"href":"https:\/\/licence-infocom.parisnanterre.fr\/index.php\/wp-json\/wp\/v2\/comments?post=56"}],"version-history":[{"count":17,"href":"https:\/\/licence-infocom.parisnanterre.fr\/index.php\/wp-json\/wp\/v2\/pages\/56\/revisions"}],"predecessor-version":[{"id":522,"href":"https:\/\/licence-infocom.parisnanterre.fr\/index.php\/wp-json\/wp\/v2\/pages\/56\/revisions\/522"}],"wp:attachment":[{"href":"https:\/\/licence-infocom.parisnanterre.fr\/index.php\/wp-json\/wp\/v2\/media?parent=56"}],"curies":[{"name":"wp","href":"https:\/\/api.w.org\/{rel}","templated":true}]}}