{"id":214,"date":"2019-10-10T10:17:47","date_gmt":"2019-10-10T10:17:47","guid":{"rendered":"https:\/\/licence-infocom.parisnanterre.fr\/?page_id=214"},"modified":"2025-12-26T13:09:28","modified_gmt":"2025-12-26T13:09:28","slug":"presentation","status":"publish","type":"page","link":"https:\/\/licence-infocom.parisnanterre.fr\/index.php\/presentation\/","title":{"rendered":"Nos points forts"},"content":{"rendered":"\n<p>La licence information-communication de l&rsquo;Universit\u00e9 Paris Nanterre propose <strong>une vision compl\u00e8te des Sciences de l&rsquo;Information et de la Communication<\/strong>, avec une sp\u00e9cialisation dans les domaines de la <strong>communication, des technologies de l\u2019information et de la culture num\u00e9rique<\/strong>. Formation polyvalente, elle offre un cadre th\u00e9orique et professionnel pour des \u00e9tudiants int\u00e9ress\u00e9s par les probl\u00e9matiques du num\u00e9rique et de ses \u00e9volutions. Elle associe \u00e0 la fois des enseignements en sciences humaines et sociales et des enseignements scientifiques (statistiques, informatique).<\/p>\n\n\n<div class=\"wp-block-image\">\n<figure class=\"aligncenter size-full\"><img decoding=\"async\" loading=\"lazy\" width=\"1024\" height=\"525\" src=\"https:\/\/licence-infocom.parisnanterre.fr\/wp-content\/uploads\/2023\/02\/Infographie-L1_cropped.png\" alt=\"\" class=\"wp-image-462\" srcset=\"https:\/\/licence-infocom.parisnanterre.fr\/wp-content\/uploads\/2023\/02\/Infographie-L1_cropped.png 1024w, https:\/\/licence-infocom.parisnanterre.fr\/wp-content\/uploads\/2023\/02\/Infographie-L1_cropped-300x154.png 300w, https:\/\/licence-infocom.parisnanterre.fr\/wp-content\/uploads\/2023\/02\/Infographie-L1_cropped-768x394.png 768w\" sizes=\"(max-width: 1024px) 100vw, 1024px\" \/><\/figure><\/div>\n\n\n<p>  <\/p>\n\n\n\n<p>Elle se d\u00e9marque \u00e9galement par l&rsquo;organisation des \u00e9tudes :<\/p>\n\n\n\n<ul>\n<li>des <strong>effectifs limit\u00e9s<\/strong> (50 \u00e9tudiant\u00b7e\u00b7s par ann\u00e9e), afin d&rsquo;offrir des cours interactifs et un suivi plus individuel ;<\/li>\n\n\n\n<li>un enseignement assur\u00e9 conjointement par <strong>des universitaires et des professionnels<\/strong> du secteur ;<\/li>\n\n\n\n<li>un programme combinant des cours magistraux, des travaux pratiques, des cours de langue et des ouvertures \u00e0 d&rsquo;autres disciplines ;<\/li>\n\n\n\n<li>un accompagnement vers la professionnalisation, \u00e0 travers la d\u00e9couverte de m\u00e9tiers et la pr\u00e9paration \u00e0 l&rsquo;insertion dans le monde du travail ;<\/li>\n\n\n\n<li>une <strong>\u00e9valuation par contr\u00f4le continu<\/strong> (plut\u00f4t que des examens finaux), r\u00e9partie sur le semestre et combinant des devoirs de types diff\u00e9rents ;<\/li>\n\n\n\n<li>un <strong>stage obligatoire<\/strong> de trois mois minimum en troisi\u00e8me ann\u00e9e.<\/li>\n<\/ul>\n","protected":false},"excerpt":{"rendered":"<p>La licence information-communication de l&rsquo;Universit\u00e9 Paris Nanterre propose une vision compl\u00e8te des Sciences de l&rsquo;Information et de la Communication, avec une sp\u00e9cialisation dans les domaines de la communication, des technologies de l\u2019information et de la culture num\u00e9rique. Formation polyvalente, elle offre un cadre th\u00e9orique et professionnel pour des \u00e9tudiants int\u00e9ress\u00e9s par les probl\u00e9matiques du num\u00e9rique [&hellip;]<\/p>\n","protected":false},"author":1,"featured_media":0,"parent":0,"menu_order":0,"comment_status":"closed","ping_status":"closed","template":"","meta":[],"_links":{"self":[{"href":"https:\/\/licence-infocom.parisnanterre.fr\/index.php\/wp-json\/wp\/v2\/pages\/214"}],"collection":[{"href":"https:\/\/licence-infocom.parisnanterre.fr\/index.php\/wp-json\/wp\/v2\/pages"}],"about":[{"href":"https:\/\/licence-infocom.parisnanterre.fr\/index.php\/wp-json\/wp\/v2\/types\/page"}],"author":[{"embeddable":true,"href":"https:\/\/licence-infocom.parisnanterre.fr\/index.php\/wp-json\/wp\/v2\/users\/1"}],"replies":[{"embeddable":true,"href":"https:\/\/licence-infocom.parisnanterre.fr\/index.php\/wp-json\/wp\/v2\/comments?post=214"}],"version-history":[{"count":10,"href":"https:\/\/licence-infocom.parisnanterre.fr\/index.php\/wp-json\/wp\/v2\/pages\/214\/revisions"}],"predecessor-version":[{"id":521,"href":"https:\/\/licence-infocom.parisnanterre.fr\/index.php\/wp-json\/wp\/v2\/pages\/214\/revisions\/521"}],"wp:attachment":[{"href":"https:\/\/licence-infocom.parisnanterre.fr\/index.php\/wp-json\/wp\/v2\/media?parent=214"}],"curies":[{"name":"wp","href":"https:\/\/api.w.org\/{rel}","templated":true}]}}